 greatest common divisor of w and v.
1
Let n = -38 + 56. Suppose 506 = 5*a + 56. What is the highest common divisor of n and a?
18
Let y(v) = v**3 - 11*v**2 + 31*v + 3. Let h be y(7). What is the highest common factor of h and 30?
6
Let v be 298/6 + (-5)/(-15). Suppose -58 = -2*u + 4*k - 9*k, 3*k + 108 = 3*u. Let c = u - 24. Calculate the greatest common factor of c and v.
10
Suppose 0 = r + 1, -2*l = 2*l - 3*r - 11. Suppose t + 2*t + 2*z = 38, 28 = l*t + 2*z. Suppose 4*g = -0*g + 16. What is the greatest common divisor of t and g?
2
Let h(n) = 4*n + 224. Let g be h(0). What is the greatest common factor of g and 32?
32
Let d(j) = -j**2 - 5*j - 3. Let l be d(-3). Suppose l*w + 0*w = 180. Suppose 2*y - 4*y + w = 0. What is the highest common divisor of 20 and y?
10
Let k be (56/6)/(10/15). Suppose -4 = -2*l + 6. Suppose -78 - 26 = -5*x + a, -l*a + 5 = 0. What is the highest common divisor of x and k?
7
Suppose -2*b + 4 = 0, 254 = -m + 2*m - 5*b. What is the greatest common divisor of 11 and m?
11
Let q(i) = -i**3 + 8. Let b(c) = -2*c. Let h be b(1). Let z = 2 + h. Let t be q(z). What is the greatest common divisor of 20 and t?
4
Suppose -d - 5*n - 16 = 0, n - 31 = 5*d - 81. Calculate the highest common divisor of d and 54.
9
Let a be (3/2)/((-6)/(-8)). Let m = -54 + 134. Suppose -4*s = -a*s - m. Calculate the highest common divisor of s and 8.
8
Let a = -4 - -14. Let r(h) = 3*h**3 - 4*h**2 - 6*h + 6. Let q be 5 + 2/(-4)*2. Let y be r(q). What is the greatest common divisor of a and y?
10
Let r(u) be the first derivative of -u**3/3 + 2*u**2 + 2*u + 5. Let t be r(4). Calculate the greatest common factor of 5 and t.
1
Suppose 3*l + 6 = 3*o - 57, -2*l = 6. What is the highest common divisor of o and 18?
18
Suppose 2*d - 10 = -0. Suppose -5*h - 650 = -d*z, 3*z + 6*h - 4*h = 415. What is the highest common divisor of z and 15?
15
Suppose 0 = -0*x + 3*x - 198. What is the highest common factor of 44 and x?
22
Let o(h) = -1 + 8*h + 3*h**3 - 2*h - h**3 - 8*h**2 - 2*h. Let g be o(4). What is the highest common factor of g and 15?
15
Suppose 3*p - 2*b - 65 = 0, 0*b - 2*b + 119 = 5*p. Let x = -14 + p. Calculate the greatest common factor of 36 and x.
9
Let p(o) = -17*o - 1 + 6 - 4. Let d be 2 + 5/((-15)/36). Let l be p(d). Calculate the greatest common divisor of 19 and l.
19
Suppose -5*f + 210 = 3*j, 2*f + 124 = 4*j - 2*j. What is the greatest common divisor of 39 and j?
13
Suppose -2 = 4*j + 5*h, h + 3 + 1 = -2*j. Let t be 14 - -4*j/12. Suppose -35 = -4*a + 17. Calculate the highest common divisor of t and a.
13
Let q(j) = j**2 - 2*j + 1. Let v be q(6). What is the greatest common factor of v and 200?
25
Suppose 152 = -x + 3*x. Suppose 0 = 2*j - 3*r - 50, 6*r = -5*j + r + 75. Calculate the greatest common divisor of j and x.
19
Suppose 6*q - 194 = 646. What is the greatest common divisor of q and 20?
20
Let y = 14 - 5. Let k = 10 - y. What is the highest common divisor of 2 and k?
1
Let i be (-4)/(-5) - (-136)/5. What is the greatest common divisor of i and 42?
14
Let a = 135 - 98. What is the highest common divisor of a and 37?
37
Suppose 41 - 195 = -7*d. Suppose 0 = -t + 2. What is the greatest common divisor of t and d?
2
Let d = 626 - 359. Suppose 0 = 2*i - 5*v - 105, 4*i - d + 70 = -3*v. What is the highest common divisor of 10 and i?
10
Let p(j) = 5*j - j + 60 + 24 - 5*j. Let u be p(0). Calculate the highest common factor of u and 12.
12
Let t(a) = -a**3 + 4*a**2 + 6*a - 7. Let m be t(5). Let z be (m - 2/(-1))/1. Suppose 0 = -z*w + w - 6. What is the highest common divisor of 15 and w?
3
Suppose -5*h = -0*y - 2*y + 74, -5*h = -y + 47. What is the greatest common factor of y and 216?
27
Suppose -k - 3*z - 2 = -19, z = 0. Suppose 5*s - 18 = k. What is the greatest common divisor of s and 77?
7
Let q be (-32)/(-24)*54/4. Suppose -2*w - 4*i + 0*i + 124 = 0, -2*i - 370 = -5*w. What is the greatest common divisor of w and q?
18
Let k = -16 + 35. What is the greatest common factor of 209 and k?
19
Let y be 1/(-3) + 32/(-12). Let l be -1 + 0/(-2) + y. Let n = l - -8. Calculate the greatest common factor of n and 10.
2
Let w = 66 + 26. What is the highest common divisor of 4 and w?
4
Let b = 1 + 3. Suppose 111 = -c + 2*c - 3*u, b*c - 3*u = 462. Calculate the greatest common factor of 13 and c.
13
Let q = -236 + 397. What is the highest common factor of q and 23?
23
Let y = -17 - -30. Suppose 16 = -4*i, -5*d + d = 3*i - 32. Suppose d + y = b. What is the highest common factor of 36 and b?
12
Suppose n - 12 = 5*a, -4*a - 16 = -3*n + a. Suppose -2 = 4*p - 154. Suppose 20 = 2*g - 4*w, 5*w = 3*g - p + 9. What is the highest common divisor of n and g?
2
Let r be 4 + -4 + 8 - 1. Suppose q - 4*j = 8, -j = -4*q - 64 + 171. What is the greatest common divisor of q and r?
7
Suppose -4 = f - 3*f + 2*o, 0 = -5*o. Calculate the greatest common divisor of 22 and f.
2
Suppose 0 + 6 = 3*i. What is the highest common factor of i and 8?
2
Let r be (-6)/(-27) - 248/(-18). What is the highest common divisor of r and 7?
7
Let o be (7/4)/(1/8). Calculate the greatest common factor of o and 28.
14
Let a be 200/12 + 4/(-6). Let n be 238/5 + 4/10. What is the highest common divisor of n and a?
16
Suppose o - 392 = -3*s + 36, -s + 5*o + 148 = 0. Calculate the greatest common factor of 13 and s.
13
Suppose 0 = -2*q - 8, -2*g - 4*q - 8 = 2*g. Calculate the highest common factor of g and 3.
1
Let p(c) = 7*c**3 - 3*c**2 + 3*c - 2. Let f be p(2). Calculate the highest common divisor of 12 and f.
12
Suppose -3*t - 2*t + 450 = 0. Let m be -2 - (-10 - (-6)/(-3)). What is the highest common divisor of m and t?
10
Let h(j) = -3*j + 22. Let r be h(-6). What is the greatest common divisor of 10 and r?
10
Let p(y) = -y + 4. Let m be p(9). Let s(h) = -2*h**3 - 5*h**2 + 5*h + 5. Let c be s(m). Suppose -3*g = 2*g - c. What is the highest common divisor of 189 and g?
21
Let j = -4 - -9. Let a = 2 + -1. Let m(x) = 44*x + 1. Let t be m(a). What is the highest common factor of j and t?
5
Let h = 1 + 2. Suppose 3*s - 30 - h = 0. Calculate the highest common divisor of 55 and s.
11
Suppose -4*j - 2*k = 3 - 21, -2*j + 3*k + 13 = 0. Let a be 0/1 - -44 - -1. What is the highest common factor of j and a?
5
Suppose o = 3*o - 10. Let s be (-20)/6*(-9)/o. Let y(b) = b**2 + 8. Let x be y(s). Calculate the greatest common divisor of x and 4.
4
Let n(i) = -i**3 - 8*i**2 + i + 11. Let c be n(-8). Suppose 4*k - 5*h - 74 = 0, -k - h + 62 = c*k. What is the greatest common divisor of 40 and k?
8
Suppose 5*s - x = 3*x - 122, 2*x = 2*s + 48. Let m be 18/(-12) + s/(-4). Suppose -14 - m = -q. Calculate the greatest common divisor of 95 and q.
19
Let h = -130 + 215. What is the highest common divisor of 17 and h?
17
Let r be (-194)/(-3) + (-2)/(-6). Let s(i) = -i**2 + 23*i + 13. Let w be s(23). Calculate the highest common divisor of r and w.
13
Suppose 0 = 3*r - 16 + 1. Suppose 5*k + 85 = r*j, 7*k + 43 = 2*j + 2*k. Calculate the greatest common factor of 42 and j.
14
Let b(r) = -5*r - 10. Let h be b(-7). Let l be h - (-1 - (-1 + 3)). What is the highest common factor of l and 7?
7
Let h = 248 - -5. Calculate the highest common factor of 23 and h.
23
Suppose 0 = -3*m + 2*m - 2. Let h be m/3 - (-14)/3. Let n(o) = 35*o**3 + 1. Let t be n(1). What is the highest common divisor of h and t?
4
Let v = 28 - 14. Calculate the greatest common divisor of v and 2.
2
Let s = 117 - 82. Let f = 13 + -29. Let c(q) = q + 23. Let u be c(f). Calculate the greatest common divisor of u and s.
7
Let o(j) = j + 7. Let y be o(-10). Let i(u) = -3*u - 2. Let r be i(y). Calculate the greatest common divisor of 35 and r.
7
Suppose 12 = 6*r - 2*r. Suppose 0*z + 33 = r*z. What is the greatest common factor of 11 and z?
11
Suppose 2*x - 5 = 1. Let r = x + 12. What is the highest common factor of 3 and r?
3
Suppose 29*b - 33*b + 60 = 0. What is the greatest common divisor of b and 105?
15
Suppose -c + 63 = 2*c. Let p = c - 14. Let l = 25 - p. What is the highest common factor of l and 12?
6
Let l = -10 + 5. Let m be (-30)/10 - (l + 0). What is the greatest common divisor of 16 and m?
2
Let c be (15/6)/((-1)/26). Let z be 138/(-4)*20/(-6). Let j = z + c. Calculate the greatest common divisor of j and 20.
10
Let f(t) = 3*t**3 - t**2 - 3*t + 2. Let z b